pose -4*o = -3*w - 29, -2*o + 3 = 4*w + o. Let b = c - w. What are the prime factors of b?
2
Let a = -2 - -5. Let l be a/(-2)*24/18. List the prime factors of 5 + 3 + 2/l.
7
Let a(m) = m**2 - 2*m - 2. Let t be a(-1). Suppose 3*q - t = 23. What are the prime factors of q?
2
Let u(i) = -i**2 + 7*i - 2. Let t be u(7). Suppose p + 10 = -2. What are the prime factors of 1 + 6/t - p?
2, 5
Suppose 6*g - g = 125. Suppose -2*f + 95 = -g. Suppose v = 4, 8 - f = -4*t + 2*v. List the prime factors of t.
3, 5
Suppose 5*q = 2*n - 0*n - 9, -5*n + q - 12 = 0. Let y = -7 - n. Let c = 7 - y. What are the prime factors of c?
11
Let q = 64 + 4. What are the prime factors of q?
2, 17
Let f be ((-174)/(-10))/(2/10). Suppose -5*m + 33 = -f. List the prime factors of m.
2, 3
What are the prime factors of 20 - (0 + 0 + -2)?
2, 11
Let r = 6 + -3. Suppose -4*h - 20 = y - 6, r*y = 4*h - 26. What are the prime factors of 15*1*(-6)/y?
3
Let c = -10 + 15. List the prime factors of c.
5
Let n = 214 + 5. List the prime factors of n.
3, 73
Suppose 0*h - 2*h + j = 25, 3*h + 41 = 5*j. Let k = h + 17. Suppose 20 = 4*l + 4*a, 2*l + l - 55 = k*a. List the prime factors of l.
2, 5
Suppose -6*k + 20 = -2*k. Suppose 0 = k*c + 25 + 30. Let d(t) = -t + 3. List the prime factors of d(c).
2, 7
What are the prime factors of ((-4)/10)/(2/(-320))?
2
Let v = 116 + -71. List the prime factors of v.
3, 5
Suppose 3*q = -0*q + 6. Suppose q*a + a - 23 = 5*k, a = k + 7. List the prime factors of a.
2, 3
Let j(p) = p**3 + 4*p**2 - 7*p + 1. List the prime factors of j(-5).
11
Suppose p = -5*w + 19, w - 20 = -3*w - 2*p. Let l(d) = d**2 + 3*d - 4. What are the prime factors of l(w)?
2, 7
Suppose 5*b + 3*h + 48 = 2*h, 4*h = 3*b + 15. Let d = -4 - b. Suppose 0 = q + d*v - 3, -4*q + 35 = 5*v + 8. List the prime factors of q.
2
Let a(z) = -z**2 - 20*z - 20. List the prime factors of a(-13).
71
Suppose 5*n = d - 7 + 3, 2*d - n = 8. Let z = 3 - d. What are the prime factors of 9 + 1 + z/(-1)?
11
List the prime factors of ((-57)/6)/(2/(-4)).
19
Let v be 2 + -3 + -2 - 40. Let n = -22 - v. What are the prime factors of n?
3, 7
Let s(n) = -13*n. List the prime factors of s(-2).
2, 13
Let p(k) = k**3 - 2*k**2 - 4*k + 4. Let h be p(3). Let l be (((-8)/1)/(-2))/(-1). What are the prime factors of h*8 - 4/l?
3
Let o(y) = -y**3 + 6*y**2 - 3*y - 4. Let h = 3 - -2. List the prime factors of o(h).
2, 3
Let j = -1 - -16. Let s be 15/6*18/j. Suppose 0 = -0*x + 3*x - 5*l - 43, -4*x + 38 = s*l. What are the prime factors of x?
11
Suppose 3*w - 50 = 49. List the prime factors of w.
3, 11
List the prime factors of 16 + -12 + 7*18.
2, 5, 13
Let f(c) be the third derivative of c**4/3 - c**3/3 + 2*c**2. Let z be f(3). Let t = z - 13. What are the prime factors of t?
3
Let k be -5 + (-1 - (2 - 2)). Let t = k + 10. List the prime factors of (2/t)/(2/8).
2
Let b = 111 + 3. Suppose -5*a + 2*g + b = -8, 4*g + 10 = a. What are the prime factors of a?
2, 13
List the prime factors of ((-14)/(-3))/((-9)/(-459)).
2, 7, 17
Let i = 55 - 80. Let t = i + 44. What are the prime factors of t?
19
Let w(k) = k - 1. Let h be w(1). Suppose h*l = 3*l - 45. What are the prime factors of l?
3, 5
Suppose 4*r = n - 2 - 17, 0 = 5*n + 4*r - 71. Let u be ((-9)/(-4))/(4/80). Suppose -f - n = 5*g, 4*f + 0*g = g + u. List the prime factors of f.
2, 5
Suppose -2*i + 4*p = -6*i - 8, 8 = 2*i + 5*p. Let y be -1*2*(-9)/i. Let b = y - -9. List the prime factors of b.
2, 3
Let o = -7 + 1. Suppose s - 2*q = 10, -2*q = 3*s + 3*q + 3. List the prime factors of (-2 - o)*s - 0.
2
Let q = -4 - -6. Suppose q*j = -1 + 7. Suppose j = -4*k + 23. What are the prime factors of k?
5
Let h(a) = -a**2 - 7*a - 5. Let r be h(-5). Suppose u = r*y + 15, -2*y - 5*u - 13 = -5*y. List the prime factors of y/(-8)*26/1.
13
Let f be (-16)/88 + (-26)/(-22). Let y(c) = 22*c**2 + c - 2. What are the prime factors of y(f)?
3, 7
Let z = 0 - -2. List the prime factors of 61/z + (-18)/(-12).
2
List the prime factors of (59/(-2))/(1/(-2)).
59
Let r = 18 - 13. Let u(k) = 5*k - 3*k**2 - 2*k**2 + 6 - 2*k**2 + 6*k**2. What are the prime factors of u(r)?
2, 3
Suppose 2*r = -4*o + 107 + 189, 3*r - 3*o = 417. Let v = -91 + r. What are the prime factors of v?
3, 17
Suppose -2*t - 44 = -5*t + h, 65 = 4*t + 5*h. Let b = t + -10. List the prime factors of b.
5
Let h be ((-3)/(-6))/((-1)/(-8)). Suppose -2*m - 2*m = -2*y + 46, h*y - 32 = -4*m. List the prime factors of y.
13
Let x = 69 - 48. What are the prime factors of x?
3, 7
Let g(n) = -n**2 + 5*n - 4. Let x be g(3). Let m(s) = 7 + x + 4 - s. List the prime factors of m(0).
13
Let b(m) = -17*m - 29. What are the prime factors of b(-15)?
2, 113
Let d(b) = 0 + 1 - 3*b + 3*b**2 - 2*b**2. What are the prime factors of d(5)?
11
Suppose 3*d = -5*t + 56, 3*t - d - 4*d - 54 = 0. What are the prime factors of t?
13
Let d = -22 + 42. Suppose 4*o - 75 = i, -55 = -3*o + 5*i - d. Suppose 4*x - 4*v + 2*v - 42 = 0, 4*v - o = 0. What are the prime factors of x?
13
Let y be 4*(0 + (-3)/2). Let q = -1 - y. List the prime factors of q.
5
Let k(g) = -3*g - 4. Let r be k(-3). Suppose -3*v - 4 = -f + 2*f, -5*v = -f - 4. Let o = r - v. What are the prime factors of o?
5
Suppose 7 = 4*t - 1, 2*y - 3*t = 72. Suppose y = 4*a + 3*x, -4*a + 0*x + 45 = x. List the prime factors of a.
2, 3
Suppose 2*x + 8 = 2*y + x, -4*y = 4*x + 8. Let q(m) = 2*m - 5. Let i be q(5). Let v = y + i. What are the prime factors of v?
7
Suppose 13*i = 6*i + 112. What are the prime factors of i?
2
Suppose -4*s + h + 74 = 0, 3*s - 5 = 5*h + 42. List the prime factors of s.
19
Suppose 13 = 3*g + 4. Suppose 2*s = -5*c - 4, g*s - 3*c - 23 = -8. Suppose 4*k + 5*i - 57 = 0, 0 = s*k - 2*i - 2 - 12. List the prime factors of k.
2
Suppose -5*z + 10*z = 10. Let r(s) = s - 1. Let g be r(z). What are the prime factors of g/(-2) + 23/2?
11
Let d(y) = 81*y**2 - 3*y + 1. List the prime factors of d(1).
79
Let x(m) = -12*m + 56. What are the prime factors of x(-9)?
2, 41
Suppose -5*x + 2*c = -190, 4*x + 4*c - 60 = 120. List the prime factors of x.
2, 5
Suppose -4*s + 6*b - b = 77, -2*s = 2*b + 16. Let o = -9 - s. List the prime factors of 7 + -2 + -6 + o.
3
Let z = -7 - -13. List the prime factors of z.
2, 3
Suppose -2*x + 5*v = -16, 6 = 4*x - 5*v - 6. Let c be 8/x + -3 + 5. List the prime factors of 12 + -1*(-3 - c).
13
Suppose 3*s = s + 10. Suppose x - 4*x = -2*q - 49, -5 = -s*q. What are the prime factors of x?
17
Let b = -2 - -9. List the prime factors of b.
7
Let s(j) = 29*j**3 - 2*j**2 + 1. Let z be s(1). Let l be z/(-16)*(1 + -29). Let f = l - 34. What are the prime factors of f?
3, 5
Suppose 3*z - 50 = -2*p + 38, 5*z = -4*p + 148. Suppose v - 42 = -5*q + 28, v = -2*q + z. What are the prime factors of q?
2, 7
Let f = 3 - 3. Let p(a) = -a**3 + 1 + f*a**3 + 2*a**3 + 9*a - 8*a**2. List the prime factors of p(7).
3, 5
Let u(z) = z**2 + 5*z + 5. List the prime factors of u(-7).
19
List the prime factors of (1*4)/(2/64).
2
Let r = 146 - 101. List the prime factors of r.
3, 5
Let o(x) = -3 - 4*x + 6*x**2 - 1 - x**3 + x**2. What are the prime factors of o(6)?
2
Suppose 2*c - 9 + 3 = 0. Suppose -r - 2*g + 6*g + 23 = 0, -3*g - 78 = -c*r. List the prime factors of r.
3
Let v be (-2)/(-8) - 1230/24. Let d = 110 + v. Suppose 0 = -4*n + u + 20 + 46, -d = -3*n - 4*u. What are the prime factors of n?
17
Suppose -2*k - 3*k + 15 = 0. List the prime factors of k - 0*(-2)/(-6).
3
Let p be (8/6 - 1)*27. Let h(n) = 0*n - 1 - n + p. List the prime factors of h(6).
2
Suppose 0 = -4*f - t + 20, 5*f = -4*t - 2 + 27. Suppose -3*g = -2*n - 2*n + 47, n - f*g = 33. List the prime factors of n.
2
Let y(r) = 7*r**2 - 4. List the prime factors of y(-2).
2, 3
Let b(m) = m**3 - 7*m**2 - 10*m + 7. Let q be b(8). Let j(z) = -z**3 - 8*z**2 + 3*z - 12. What are the prime factors of j(q)?
2, 3, 7
Let m be (-1*2)/((-3)/6). Let q(u) = 2*u - 2. Let f be q(m). Suppose -2*o - 27 = -f*o + 5*a, 4*o - 31 = a. List the prime factors of o.
2
Suppose 0 = i - r - 5, -3*i - 2*r + 4 = 2*i. Suppose v - 2*s = 36, 0*s + 4*s - 40 = -i*v. What are the prime factors of v?
2, 7
Let j(l) = -7*l - 6. Let o be j(-6). Suppose -f - 2*f + o = 0. List the prime factors of ((-57)/f)/(2/(-8)).
19
Suppose -z - 22 = -5*l, 2*z - l + 4 = l. Let o be z/1 + (-14 - -2). What are the prim